 2*c = 498. Suppose 0 = 4*x - 3*t - m, 3*x - 3*t = -0*t + 93. Is 8 a factor of x?
True
Suppose -t - 97 = -4*u, u - 6*u + 5*t + 125 = 0. Let n = u + -9. Is 5 a factor of n?
True
Suppose 37*d + 360 = 39*d. Does 5 divide d?
True
Let x be (-6)/2 - (1 + 2). Let n = x - 6. Is (-9)/n - 339/(-12) a multiple of 26?
False
Let h(x) = 6*x**2 + 3*x + 2. Let r be h(-6). Let j = -121 + r. Suppose f = 4*m + 55 - 208, -f - j = -2*m. Is 17 a factor of m?
False
Let l be 24/(-56) - 6/(-14). Suppose -8*r + 804 - 36 = l. Is r a multiple of 24?
True
Let f be -1*(79 + 3/6*-6). Let l = -58 - f. Is l a multiple of 9?
True
Suppose 3*l + 32 = -a, -236 = 3*a + 2*a - 4*l. Let b = 98 + a. Is b a multiple of 54?
True
Let g = 16 + -16. Is 9 a factor of g + -3 - (5 - 17)?
True
Let b(z) = -11*z + 10. Let m be b(-5). Let t = m + -31. Is t a multiple of 7?
False
Let x(g) = 7*g - g - 14 - 1 - 8*g. Let w be x(-10). Suppose -w*n + 10*n - 140 = 0. Is 14 a factor of n?
True
Let t be 0/1 - (-16)/2. Suppose 4*g + t = 24. Suppose 31 = -g*s + 151. Is 14 a factor of s?
False
Does 66 divide -5 + 726 - (-45)/9?
True
Suppose 5*m = -m + 18720. Is m a multiple of 65?
True
Is 26 a factor of 5*39*(-20)/(-30)*8?
True
Let w(q) = q**3 - 38*q**2 + 21*q - 280. Is w(38) a multiple of 14?
True
Let d be 24*((-28)/6 - -5). Does 9 divide 427/d - (-78)/(-208)?
False
Let q(y) = y**2 - 5*y - 3. Let b be (-3 - 4) + (-4)/(-1). Is q(b) a multiple of 7?
True
Let r be 4/(-10) - (-2499)/85. Suppose -85 = -n - r. Does 8 divide n?
True
Let b(c) = -c**3 + 3*c**2 + c + 1. Let f = 18 - 26. Let u be (84/f)/(-7)*2. Does 4 divide b(u)?
True
Let l = -476 + 485. Is l even?
False
Suppose -3 = 5*r + 12. Does 12 divide (4/r + 1)/((-16)/576)?
True
Suppose u + 634 = 775. Is u a multiple of 4?
False
Let q be (2 + -1 + 1)/2. Let c be (4 - -522) + (1 - q). Does 16 divide 6/33 + c/11?
True
Let o = 7 + -5. Suppose -o*k - 5 = -t, -1 + 5 = -4*k. Suppose 2*s - 100 = -t*s - 4*x, s + 2*x = 20. Does 20 divide s?
True
Let g(o) = 5*o + 47. Let b be g(14). Let v = b + -37. Does 10 divide v?
True
Let m = 132 - 135. Is 8 a factor of m/(-4) - (-381)/4?
True
Let q(c) be the third derivative of c**6/60 - c**5/20 + c**4/12 + 6*c**2. Is 15 a factor of q(3)?
False
Let h(x) be the third derivative of -x**5/4 - x**4/24 + 3*x**2. Let c be h(1). Let l = 10 - c. Is l a multiple of 17?
False
Let t(a) = 5*a**3 + 12*a**2 - 7*a - 9. Let s = 23 - 26. Let n(m) = -4*m**3 - 11*m**2 + 8*m + 10. Let i(q) = s*t(q) - 4*n(q). Does 3 divide i(-9)?
False
Let o be (12/9)/(-1)*33. Suppose -x + 2*x + 14 = 0. Let n = x - o. Does 6 divide n?
True
Let w = -36 - -71. Is 2 a factor of w?
False
Let t(d) = -1 - 1 + 2*d**2 - 3*d + 0*d**2 + 0. Let p be t(4). Is 2 a factor of (-5 - -1)/(p/(-9))?
True
Let s = 50 - 83. Let q = 85 + s. Is 34 a factor of q?
False
Suppose 0 = 4*x, -3*x + 33 - 323 = 5*u. Let a = -12 - u. Is a a multiple of 22?
False
Let n(q) = q**2 - 8*q + 7. Let k be n(7). Let i = k + 4. Suppose 0 = -d - 3*h + 2*h + 52, -i*h = -4. Is 21 a factor of d?
False
Suppose -7667 = 13*l - 36410. Does 67 divide l?
True
Let p(l) = -l + 10. Suppose -6*w + w + 39 = 4*v, v = 5*w - 9. Let h be p(v). Suppose 0 = 3*x - h*c - 32 + 4, -4*x + 50 = c. Is 4 a factor of x?
True
Let i(b) = 4*b - 6. Let l be i(5). Is l + (-1 - 3) - -4 a multiple of 5?
False
Suppose 25*v + 1349 = 44*v. Is v a multiple of 4?
False
Suppose 5*v - 2*o = -0*o + 2376, 1410 = 3*v + 4*o. Suppose 0 = -11*b + v + 186. Is b a multiple of 15?
True
Let c(y) = 618*y**2 - 8*y - 18. Does 95 divide c(-2)?
True
Let u = -5 + -90. Let q = u + 138. Does 16 divide q?
False
Suppose q + 1909 = 3*w, -w - 39*q + 623 = -42*q. Does 11 divide w?
True
Suppose 0 = -4*c + 5*g + 217, g = -5*c + 174 + 119. Is 6 a factor of c?
False
Is 25 a factor of ((-15)/10 + 11/2)*50?
True
Let l be -3 + 3/6*6. Suppose 3*u - 3*m + 24 = l, 0 = u + m - 2 + 20. Let w = -5 - u. Does 8 divide w?
True
Let z = 2425 + 455. Is 45 a factor of z?
True
Suppose 138*b - 1890 = 137*b. Is 63 a factor of b?
True
Suppose 5 + 0 = i. Suppose 2*w + i*w = 35. Is w a multiple of 3?
False
Suppose -2*h = 5*c - 0*h - 626, 638 = 5*c - 4*h. Suppose 4*w = 6*w - c. Is w a multiple of 10?
False
Let n = 0 + -12. Let h = 0 - n. Let s(r) = 3*r - 17. Is s(h) a multiple of 19?
True
Let u be (-11)/(-3) - 2/(-6). Suppose 2*c - 5*c - 2 = -u*i, -5*c - 3*i = -45. Suppose -5*r = 5*b - 75, 0 = r + 3*b - c - 15. Is r a multiple of 5?
False
Let l = -13 + 199. Is l a multiple of 31?
True
Let u(s) = -s**3 + 7*s**2 + 23*s - 9. Let z be u(9). Does 21 divide (621/z)/((-6)/(-32))?
False
Let m(w) = -47*w + 8. Let c be m(-6). Is (-6)/(-9) + c/15 even?
True
Let q = 25 - 2. Suppose -q*p + 27*p = 80. Does 2 divide p?
True
Let n(i) = 19*i**3 + 3*i**2 + 2*i - 14. Is 8 a factor of n(2)?
False
Suppose 3*o - 2766 + 460 = 5*z, 3856 = 5*o - 2*z. Suppose -o = -3*t - 2*q, -2*t - q = 2*t - 1026. Is t a multiple of 32?
True
Let w(f) = 30*f**2 - 16*f**2 - 13*f**2 + 45 - 2*f. Does 21 divide w(0)?
False
Let a = -18 + 21. Suppose 2*d - a*d = -4. Suppose 3*t = -d*t + 343. Is 8 a factor of t?
False
Suppose 20*o = 3439 + 21461. Is o a multiple of 83?
True
Let t be (36/15)/(2/5). Let q(f) = -f**3 + 6*f**2 + 3*f + 5. Let x be q(t). Suppose -2*y + 16 = a, -5*a + x = 4*y + 3. Is y a multiple of 10?
True
Let w(o) = -o**2 + 18*o + 85. Is w(21) a multiple of 2?
True
Suppose 2*q - 6 = 2. Suppose 0 = 4*m + 3*h + 3 - 7, q*h = 4*m - 32. Suppose 0 = m*s - 104 - 20. Is 9 a factor of s?
False
Let f(b) = -39*b + 7. Let a(p) = -38*p + 8. Let q(o) = -6*a(o) + 5*f(o). Let g be q(6). Suppose -20 = -5*t + g. Is 19 a factor of t?
False
Suppose -2*v + 13 - 3 = 0. Suppose 2*c = -4*n + 72, v*n - 79 - 27 = -3*c. Does 8 divide c?
True
Suppose -3*d + 960 = -2133. Does 35 divide d?
False
Let g(t) = 2*t**2 - 5*t - 4. Let n = -7 + 11. Let o be g(n). Let f(k) = -k**3 + 9*k**2 - 5*k + 10. Is f(o) a multiple of 17?
True
Let r(g) = 24*g + 5. Is 17 a factor of r(9)?
True
Is 55 a factor of (-24)/10*49275/(-81)?
False
Let d = 31 + -26. Suppose -d*n + 3*s + 1 = 0, 3*n - 3*s = -n + 2. Is 10 a factor of n + -1 + 7 + 33?
False
Let g(c) = 2*c**2 + 14*c + 7. Let y(f) = -3*f**2 - 15*f - 7. Suppose 5*b + 9 = 2*b. Let d(m) = b*y(m) - 4*g(m). Is d(13) a multiple of 19?
True
Let p(m) = -m**3 + 20*m**2 - 20*m + 10. Let b be p(19). Let x be (-51)/b - (-1)/3. Suppose -o - 1 = -x. Is o a multiple of 4?
False
Suppose -2*h + 82 + 686 = 0. Suppose -4*z - 4*l = -h, 3*z - 2*z - 4*l - 101 = 0. Is 24 a factor of z?
False
Suppose -2*l - u + 5*u + 582 = 0, l - 282 = 5*u. Suppose -847 = -5*v - l. Does 29 divide v?
False
Suppose -1632 = -30*k + 13*k. Does 8 divide k?
True
Suppose -l - 2 = 0, a + 2*a - 119 = l. Is (-20)/(-130) + 9003/a a multiple of 33?
True
Suppose -4*j + 0*j = 0. Let k be (2 + j)/((-2)/(-3)). Is -115*-4*k/30 a multiple of 7?
False
Let a(u) = -13*u**3 - 1. Let q be a(-1). Suppose 4*d = 3*l + 12, -2*d + q = -3*d - 3*l. Is (-45)/((-3)/2 - d) a multiple of 15?
True
Suppose -3*p = -o - 56, -2*o - 6*p + 2*p = 72. Let q = o - -83. Suppose q = 3*z - 15. Is 15 a factor of z?
False
Let x(y) = -2*y + 78. Is x(37) a multiple of 4?
True
Let w = 257 - 35. Suppose -53*b + w = -50*b. Does 11 divide b?
False
Let b = 414 + -285. Suppose -2*z = 3*p - 14 - 8, 4*p = -4*z + 36. Suppose 3*d - b = -3*t, 2*d + 0*d + 154 = p*t. Does 7 divide t?
False
Let v be (-3*1)/(-14 - -13). Suppose -v*l = -1 - 8. Suppose 5*f + 117 = 3*h - 59, h = -l*f + 68. Is h a multiple of 19?
False
Is 18 a factor of 352/33*(-162)/(-4)?
True
Let y = -648 + 926. Does 34 divide y?
False
Let h = -355 + 510. Does 5 divide h?
True
Suppose 5*a - i = 135, 0 = 5*a - 0*i + 3*i - 135. Let l be a/7 - (-3)/21. Suppose 9*q = l*q + 270. Does 13 divide q?
False
Let v(n) = 5*n**3 - 12*n**2 - 3*n - 2. Let t(y) = 6*y**3 - 13*y**2 - 4*y - 3. Let p(u) = -6*t(u) + 7*v(u). Suppose 3*i = -27 + 6. Is p(i) a multiple of 32?
True
Let k = 72 - 183. Let y = 161 + k. Does 25 divide y?
True
Suppose b - 4*o - 60 = 2*b, 282 = -4*b - 2*o. Is b/40*15/6*-2 a multiple of 2?
False
Let s be 3/9 - 958/(-6). Suppose 0*x - 8 = -x + o, 5*o = x - 28. Suppose -x*g = g - s. Does 20 divide g?
True
Let t(f) = -13*f**3 + 3*f**2 + 3*f + 6. Is 46 a factor of t(-4)?
True
Is (-15)/35 + 29840/112 a multiple of 13?
False
Suppose -3*i + 376 = 55. Suppose i = 14*s - 33. Does 3 di